{"id":33092,"date":"2026-04-18T14:55:52","date_gmt":"2026-04-18T14:55:52","guid":{"rendered":"https:\/\/www.vinculo.pt\/propriedades\/?post_type=estate_property&#038;p=33092"},"modified":"2026-04-18T15:08:32","modified_gmt":"2026-04-18T15:08:32","slug":"moradia-unifamiliar-t2-com-quintal-malho-sao-romao-de-aregos-resende","status":"publish","type":"estate_property","link":"https:\/\/www.vinculo.pt\/propriedades\/properties\/moradia-unifamiliar-t2-com-quintal-malho-sao-romao-de-aregos-resende\/","title":{"rendered":"Moradia Unifamiliar T2 com quintal \u2013 Malh\u00f4 &#8211; S\u00e3o Rom\u00e3o de Aregos \u2013 Resende"},"content":{"rendered":"\n<p><strong>Excelente oportunidade de habita\u00e7\u00e3o familiar!<\/strong><\/p>\n\n\n\n<p>Moradia unifamiliar T2 com quintal, situada em Malh\u00f4, na Uni\u00e3o de Freguesias de Anreade e S\u00e3o Rom\u00e3o de Aregos, concelho de Resende, distrito de Viseu.<\/p>\n\n\n\n<p>Esta moradia, a necessitar de obras, tem dois pisos, sendo o r\u00e9s-do-ch\u00e3o de arrumos e o andar de habita\u00e7\u00e3o, situa-se em local tranquilo em proximidade com a natureza.<\/p>\n\n\n\n<p>Localiza-se na transi\u00e7\u00e3o entre S\u00e3o Rom\u00e3o e C\u00e1rquere, a cerca de 10 minutos de autom\u00f3vel do centro da vila de Resende, dispondo de acesso autom\u00f3vel ao interior do pr\u00e9dio.<\/p>\n\n\n\n<p><strong>Distribui\u00e7\u00e3o dos espa\u00e7os<\/strong><\/p>\n\n\n\n<p><strong>R\u00e9s do ch\u00e3o<\/strong><br>Dois compartimentos de arrumos.<\/p>\n\n\n\n<p><strong>1.\u00ba andar<\/strong><br>Dois quartos, cozinha, sala e uma casa de banho.<\/p>\n\n\n\n<p><strong>\u00c1reas<\/strong><\/p>\n\n\n\n<ul class=\"wp-block-list\">\n<li>\u00c1rea total do terreno: 540,00 m\u00b2<\/li>\n\n\n\n<li>\u00c1rea de implanta\u00e7\u00e3o do edif\u00edcio: 40,00 m\u00b2<\/li>\n\n\n\n<li>\u00c1rea bruta de constru\u00e7\u00e3o: 80,00 m\u00b2<\/li>\n<\/ul>\n\n\n\n<p>O im\u00f3vel disp\u00f5e de um logradouro \/ quintal junto \u00e0 habita\u00e7\u00e3o, proporcionando maior funcionalidade e aproveitamento do espa\u00e7o exterior. <\/p>\n\n\n\n<p>Situada junto ao lar de idosos e igreja de S\u00e3o Rom\u00e3o, esta propriedade beneficia de um enquadramento natural muito agrad\u00e1vel, ideal para momentos de descanso e lazer, com vistas para o penedo de S\u00e3o Jo\u00e3o.<\/p>\n\n\n\n<p>Esta \u00e9 uma excelente op\u00e7\u00e3o tanto para habita\u00e7\u00e3o permanente como para casa de f\u00e9rias, conjugando espa\u00e7o exterior, tranquilidade e proximidade ao centro de Resende.<\/p>\n\n\n\n<p><strong>Refer\u00eancia interna:<\/strong> 2065<br><strong>Certificado Energ\u00e9tico:<\/strong> Em execu\u00e7\u00e3o<\/p>\n\n\n\n<p><\/p>\n","protected":false},"excerpt":{"rendered":"<p>Moradia T2<\/p>\n","protected":false},"featured_media":33094,"comment_status":"open","ping_status":"closed","template":"","property_category":[21],"property_action_category":[47],"property_city":[116],"property_area":[234],"property_county_state":[71],"property_features":[],"property_status":[],"class_list":["post-33092","estate_property","type-estate_property","status-publish","has-post-thumbnail","hentry","property_category-houses","property_action_category-venda","property_city-sao-romao","property_area-resende","property_county_state-viseu"],"_links":{"self":[{"href":"https:\/\/www.vinculo.pt\/propriedades\/wp-json\/wp\/v2\/estate_property\/33092","targetHints":{"allow":["GET"]}}],"collection":[{"href":"https:\/\/www.vinculo.pt\/propriedades\/wp-json\/wp\/v2\/estate_property"}],"about":[{"href":"https:\/\/www.vinculo.pt\/propriedades\/wp-json\/wp\/v2\/types\/estate_property"}],"replies":[{"embeddable":true,"href":"https:\/\/www.vinculo.pt\/propriedades\/wp-json\/wp\/v2\/comments?post=33092"}],"wp:featuredmedia":[{"embeddable":true,"href":"https:\/\/www.vinculo.pt\/propriedades\/wp-json\/wp\/v2\/media\/33094"}],"wp:attachment":[{"href":"https:\/\/www.vinculo.pt\/propriedades\/wp-json\/wp\/v2\/media?parent=33092"}],"wp:term":[{"taxonomy":"property_category","embeddable":true,"href":"https:\/\/www.vinculo.pt\/propriedades\/wp-json\/wp\/v2\/property_category?post=33092"},{"taxonomy":"property_action_category","embeddable":true,"href":"https:\/\/www.vinculo.pt\/propriedades\/wp-json\/wp\/v2\/property_action_category?post=33092"},{"taxonomy":"property_city","embeddable":true,"href":"https:\/\/www.vinculo.pt\/propriedades\/wp-json\/wp\/v2\/property_city?post=33092"},{"taxonomy":"property_area","embeddable":true,"href":"https:\/\/www.vinculo.pt\/propriedades\/wp-json\/wp\/v2\/property_area?post=33092"},{"taxonomy":"property_county_state","embeddable":true,"href":"https:\/\/www.vinculo.pt\/propriedades\/wp-json\/wp\/v2\/property_county_state?post=33092"},{"taxonomy":"property_features","embeddable":true,"href":"https:\/\/www.vinculo.pt\/propriedades\/wp-json\/wp\/v2\/property_features?post=33092"},{"taxonomy":"property_status","embeddable":true,"href":"https:\/\/www.vinculo.pt\/propriedades\/wp-json\/wp\/v2\/property_status?post=33092"}],"curies":[{"name":"wp","href":"https:\/\/api.w.org\/{rel}","templated":true}]}}

Moradia Unifamiliar T2 com quintal – Malhô &#8211; São Romão de Aregos – Resende

<p><strong>Excelente oportunidade de habitação familiar!</strong></p>



<p>Moradia unifamiliar T2 com quintal, situada em Malhô, na União de Freguesias de Anreade e São Romão de Aregos, concelho de Resende, distrito de Viseu.</p>



<p>Esta moradia, a necessitar de obras, tem dois pisos, sendo o rés-do-chão de arrumos e o andar de habitação, situa-se em local tranquilo em proximidade com a natureza.</p>



<p>Localiza-se na transição entre São Romão e Cárquere, a cerca de 10 minutos de automóvel do centro da vila de Resende, dispondo de acesso automóvel ao interior do prédio.</p>



<p><strong>Distribuição dos espaços</strong></p>



<p><strong>Rés do chão</strong><br>Dois compartimentos de arrumos.</p>



<p><strong>1.º andar</strong><br>Dois quartos, cozinha, sala e uma casa de banho.</p>



<p><strong>Áreas</strong></p>



<ul class="wp-block-list">
<li>Área total do terreno: 540,00 m²</li>



<li>Área de implantação do edifício: 40,00 m²</li>



<li>Área bruta de construção: 80,00 m²</li>
</ul>



<p>O imóvel dispõe de um logradouro / quintal junto à habitação, proporcionando maior funcionalidade e aproveitamento do espaço exterior. </p>



<p>Situada junto ao lar de idosos e igreja de São Romão, esta propriedade beneficia de um enquadramento natural muito agradável, ideal para momentos de descanso e lazer, com vistas para o penedo de São João.</p>



<p>Esta é uma excelente opção tanto para habitação permanente como para casa de férias, conjugando espaço exterior, tranquilidade e proximidade ao centro de Resende.</p>



<p><strong>Referência interna:</strong> 2065<br><strong>Certificado Energético:</strong> Em execução</p>



<p></p>
